 j. What is the units digit of i?
8
Suppose 0 = -2*c - 5*d - 13, 10 = -4*c - 3*d - 9. Suppose a + 3 - 5 = 0. What is the units digit of 1 + a + (-1 - c)?
6
Let i = -20 + 10. Let l = 23 + i. What is the tens digit of l?
1
Suppose -5*n - 4*m = -187, 5*n - 169 = -0*n + 2*m. What is the tens digit of n?
3
What is the units digit of ((-84)/(-16) - 3)/((-3)/(-8))?
6
Let b(g) = g**2 - 9*g + 11. Let s = -4 + 3. Let d be 46/6 - s/3. What is the units digit of b(d)?
3
Let v be (180/8)/9*-2. Let x = 0 - 6. Let l = v - x. What is the units digit of l?
1
Let d(u) = -u**3 + 4*u**2 - 3. Let s = 7 + -4. Let x be d(s). What is the tens digit of (-22)/(0 + x/(-3))?
1
Suppose 0*h - 2*h - 2 = 0. What is the tens digit of (-88)/(-8) - (1 + h)?
1
Suppose 5*c - 5*m - 140 = 0, 3*c + m - 5*m = 80. What is the units digit of c?
2
Let l be 63 - (5 + 3)/(-4). Let j = -8 + l. What is the units digit of j?
7
Let k be (-2)/(-9) - (-32)/18. What is the units digit of k/2*(5 + -3)?
2
Let z be 1*((1 - 3) + 4). Let x = -3 + z. Let i = x - -2. What is the units digit of i?
1
Let a = -3 + 21. Let i = 29 - a. What is the units digit of i?
1
What is the tens digit of (-2)/(-6) - (0 - (-895)/(-15))?
6
Let p = -9 + 5. Let f(a) = 2*a + 1. Let w be f(2). Let k = w + p. What is the units digit of k?
1
Let x = 0 + 11. What is the tens digit of x?
1
Let i(v) = -v**3 + 11*v**2 + 5*v - 12. What is the tens digit of i(8)?
2
Suppose -4*y = 5*v - 16, -2*v - 2*v - 8 = -2*y. Suppose -y = m + 11. Let d = -9 - m. What is the units digit of d?
6
Suppose -2*s + 8 - 2 = 0. Let h = s - 3. Suppose h = c - 5*q - 27, -c - 78 = -5*c + 5*q. What is the units digit of c?
7
Suppose 0 = -3*h - t + 91, 0 = 5*h - t + 3*t - 152. What is the tens digit of h?
3
What is the tens digit of (-5)/(10/(-6)) - -47?
5
Suppose 0 = 7*t + 57 - 743. What is the units digit of t?
8
Let a(g) = 9*g + 3. What is the tens digit of a(10)?
9
Let x be 2/8 + 7/4. What is the units digit of x/7 + 183/21?
9
Let l = -25 + 5. Let k = 40 + l. What is the tens digit of k?
2
Suppose 3*f = -3*j + 5*j - 16, 0 = 3*j - 6. What is the tens digit of -3 - f - (-2 - 7)?
1
Let o = -5 - -8. Suppose 0*d - 63 = -o*d. What is the units digit of d?
1
Let k = 9 + -4. Let n = 22 - k. What is the tens digit of n?
1
What is the tens digit of 2/(-18)*3 - (-614)/6?
0
Suppose 3*a - 5*q = 124, -6*a + 3*q + 147 = -2*a. What is the tens digit of a?
3
Suppose 256 = 2*a + 4*f, -514 + 135 = -3*a - f. What is the tens digit of a?
2
Suppose 0 = 2*w - 93 - 61. What is the tens digit of w?
7
Let h(t) = -10*t - 13. What is the units digit of h(-6)?
7
Suppose -3*w - 8 = 1. Let s be 2/w - (-5)/3. What is the units digit of 5*(6/(-15) + s)?
3
Let a(u) be the third derivative of u**4/24 + 2*u**3/3 + 2*u**2. Let p be a(-6). Let g(s) = -s**3 - 2*s**2 - s + 1. What is the units digit of g(p)?
3
Let r = -10 - -11. What is the units digit of r?
1
Let a be ((-28)/35)/((-2)/5). Suppose 6 + 8 = b - a*z, -b + z = -19. What is the tens digit of b?
2
Let i(r) = r**2 - 3*r + 3. Let a be i(3). Let p(x) = -5*x - 3 + x**2 + 3*x**2 + x**a + 0*x**2. What is the tens digit of p(-4)?
1
Suppose 7*w - 4*w - 3 = 0. What is the units digit of w?
1
Let o = -13 + 8. Let c(g) = g**2 + 5*g + 2. Let d be c(o). What is the units digit of 3/d*(-4)/(-3)?
2
Let a = 4 - 6. What is the units digit of 2 - (a - 0/(-2))?
4
Let a(q) = -6*q**2 - 10*q + 3. Let f(h) = -5*h**2 - 10*h + 4. Let s(y) = -4*a(y) + 5*f(y). What is the units digit of s(-10)?
8
Suppose -2 = -s + 1, -3*f + 27 = 5*s. Suppose l = -3*d + 4, 2*d + l - 7 = -f. What is the units digit of d?
1
Suppose -v - v = -30. What is the tens digit of 12/((v/(-4))/(-5))?
1
Let o(i) = 4*i + 3. Let c be o(-2). Let m be (-32)/(-5) - (-2)/c. What is the units digit of ((-4)/(-6))/(2/m)?
2
Let h be (-37)/5 - (-2)/5. Let b(l) = l**3 + 8*l**2 + 6*l - 4. What is the units digit of b(h)?
3
Suppose 3*t - 44 = 5*t. Let r = 9 - 15. Let q = r - t. What is the units digit of q?
6
What is the units digit of 6/21 - (-1084)/28?
9
Let g = 0 + 1. Let c = g - 0. Let l = c + 4. What is the units digit of l?
5
Let y(q) = -q**3 - 5*q**2 + 2. Let p be y(-5). Suppose 3*g - 160 = -p*g. Let b = g - 16. What is the units digit of b?
6
Let d(h) = -2*h - 7. Let f be d(-6). Let b = f + -2. What is the units digit of (-3)/(0 - b/4)?
4
Let i(t) = -t - 5. Suppose -2*v + x + 8 = 0, 0*x - 5 = -3*v - 2*x. Let s(n) = -n**3 + n**2 + 5*n - 3. Let y be s(v). What is the units digit of i(y)?
1
Let g be (-1 + 1)/(2/2). Suppose -3*c + 30 = -g*c. What is the tens digit of c?
1
Let v(q) = 13*q**2 + 11*q + 6. What is the units digit of v(-4)?
0
Let m(j) = j**3 - 3*j**2 - 6*j - 1. Let c be m(5). Let q = -5 + c. What is the units digit of q?
4
Suppose 0*h - 3*h + 114 = 0. What is the tens digit of h?
3
Suppose 4*d - 1 = 19. Suppose 4 = x, d*u - 120 = -2*x - 32. Let z = -8 + u. What is the units digit of z?
8
Let x(o) = 9*o**2 - 4*o + 4. Suppose 23*m = 27*m - 8. What is the units digit of x(m)?
2
Suppose 0 = -7*z + 2*z + 75. What is the tens digit of z?
1
What is the tens digit of (-1 + -2 - -5) + 2 + 90?
9
Let y(h) = h**2 - 7*h + 5. Let q be y(4). Let f = 12 + q. Suppose -3*t + 8 = -s + t, f*s + t = 65. What is the tens digit of s?
1
Let i = 3 + -11. Let k = i + 28. What is the tens digit of k?
2
Suppose -4*o + 67 = y, 51 = 2*o + y - 4*y. What is the units digit of o?
8
Suppose 27 = 2*h - 13. What is the units digit of h?
0
Suppose n = -0*n + 2. What is the units digit of n/10 - (-258)/10?
6
Let z be (-144)/(-20)*30/(-4). Let w = z - -84. What is the units digit of w?
0
Suppose m = -2*y - 55, 3*m = -2*m + 25. What is the tens digit of 3/(-1) + 1 - y?
2
Suppose 3*c + r = 6 + 3, 0 = 5*c + 5*r - 15. Suppose 0 = 4*g - 0*g - 40. Suppose g = c*m - m. What is the units digit of m?
5
Suppose 102 = 3*z - 48. Suppose -4*n + z = -2*w + 3*w, 0 = w + 2. What is the units digit of n?
3
Let m = 11 + -4. Let s = 5 + m. What is the units digit of s?
2
Let t = -104 - -174. What is the units digit of t?
0
What is the units digit of -21*-2*1/6?
7
Let h(v) = 24*v - 2. What is the tens digit of h(1)?
2
What is the units digit of (4 - 9/6)*2?
5
Let x(v) = 3*v**2 - 32. What is the units digit of x(-9)?
1
Let m(i) = 4*i + 2. Let f(n) = 7*n + 3. Let k(p) = -p**2 - 3. Let r be k(0). Let j(q) = r*f(q) + 5*m(q). What is the units digit of j(-9)?
0
Suppose 2*w = -3*w + 285. What is the tens digit of w?
5
Suppose -c + 310 = 29. What is the hundreds digit of c?
2
Suppose 0 = -5*c + 11 + 4. Suppose c*n = -2*n + 80. What is the tens digit of n?
1
Let u(z) = 8*z**3 + 35*z**2 - 11*z + 6. Let f(i) = 3*i**3 + 12*i**2 - 4*i + 2. Let d(q) = -11*f(q) + 4*u(q). What is the units digit of d(8)?
2
Let q = 12 + -5. Let f = q - 3. Suppose 0 = -0*d - f*d + 12. What is the units digit of d?
3
Let a be 0 + (4 - -2) + 2. Suppose -4*t = -a, -k - 5*t = -4*k + 2. What is the units digit of k?
4
Let x = -1 + 1. Suppose x*c = 2*c - 6. Suppose -4*k = c*d - 13, -4*d + k = 5*k - 16. What is the units digit of d?
3
Suppose -3*n + 212 = 38. What is the units digit of n?
8
Let u(m) = -2*m**3 - 5*m**2 + 8*m - 9. What is the tens digit of u(-7)?
7
Suppose 5*r - 15 = -2*y, 0 = 5*y + 3*r + 2*r - 30. Let w be (-432)/(-15) - (-1)/y. Suppose 5*f - 4*u - 68 = 0, 3*f - 7 = 4*u + w. What is the units digit of f?
6
Let a = -10 + 6. Let l be ((-12)/(-8))/((-2)/a). Suppose -l*y - 2*y = j - 13, -8 = -2*y + j. What is the units digit of y?
3
Let x(h) = h - 8. Let v be x(10). Let o be v/2*(-1 - 3). What is the units digit of (-10)/o - 2/4?
2
Let g = -14 - -41. Let n(r) = -r. Let k be n(-5). Suppose k*o = -2*h - 6 + 31, 4*h = o - g. What is the units digit of o?
7
Suppose 4*x + 1 = 13. What is the units digit of x?
3
Let l(y) = -y**3 + 14*y**2 + 2*y + 14. What is the tens digit of l(14)?
4
Suppose 5*s - 27 = 4*n, -4*n + 0 + 3 = 5*s. Let j = s - -7. What is the tens digit of j?
1
Suppose 0 = 13*x + 14 - 144. What is the units digit of x?
0
Let l(d) = -d - 1. Let q be l(-4). Suppose q*v = -v + 352. Suppose -3*n - n = -v. What is the tens digit of n?
2
Let t be (1 - -1 - 17) + 2. Let r = -24 - t. Let a = r + 17. What is the units digit of a?
6
Let t(b) = -3*b - 4*b - 2*b. What is the units digit of t(-1)?
9
Let y be 2 + (-4)/(-4) + 32. What is the units digit of (-362)/(-14) - (-5)/y